
True
Is 2677663423 a prime number?
True
Is 146191069 prime?
False
Is 118605668141 composite?
False
Is 26538410579 prime?
False
Is 48006409137 composite?
True
Is 393160949 a composite number?
False
Is 2215739447 prime?
True
Is 719325611 a prime number?
True
Is 34167885581 prime?
False
Is 65388957 prime?
False
Is 908966902 a composite number?
True
Is 2071461497 a prime number?
False
Is 229131139 a prime number?
False
Is 201112508873 prime?
True
Is 44163331945 composite?
True
Is 2621604703 a composite number?
True
Is 35892271369 a composite number?
True
Is 2430660863 a composite number?
False
Is 687537373 a composite number?
True
Is 112109957 prime?
True
Is 1648986257 a composite number?
True
Is 642791 prime?
True
Is 98678891 a prime number?
False
Is 20622378767 prime?
False
Is 5899890673 a prime number?
False
Is 8228080957 composite?
False
Is 1412826665 a composite number?
True
Is 1063012897 prime?
True
Is 5706865127 a prime number?
False
Is 24132777337 prime?
False
Is 54045179 a composite number?
False
Is 7239381803 prime?
False
Is 357494251 prime?
True
Is 612728419 composite?
True
Is 112240750322 a prime number?
False
Is 471950461 composite?
False
Is 12467434141 composite?
True
Is 3752572937 prime?
True
Is 161587006701 a prime number?
False
Is 7789981379 composite?
True
Is 132424926419 composite?
True
Is 5274833723 prime?
True
Is 558137621 prime?
True
Is 390130575343 a composite number?
False
Is 12353432999 prime?
False
Is 3166346213 a composite number?
True
Is 8157342199 prime?
True
Is 1449482113 prime?
True
Is 39679635599 a composite number?
False
Is 852895577 a prime number?
True
Is 715314685 prime?
False
Is 1274907743 a composite number?
False
Is 4848630091 composite?
False
Is 754023671 a composite number?
True
Is 6432499747 composite?
False
Is 13021834601 composite?
True
Is 55354763 composite?
False
Is 4484887703 composite?
True
Is 12488271479 composite?
True
Is 4560261181 a prime number?
False
Is 3988557541 a composite number?
False
Is 624660209 a prime number?
True
Is 7572731977 prime?
True
Is 52774828819 a prime number?
False
Is 32770464071 composite?
False
Is 11066898031 prime?
False
Is 63514930697 composite?
True
Is 293543569 a prime number?
False
Is 25115681729 a prime number?
False
Is 17490332963 a composite number?
False
Is 74869804283 composite?
False
Is 523666127 composite?
False
Is 566006341 a composite number?
False
Is 30242746273 composite?
False
Is 14431594753 a composite number?
True
Is 12832217887 composite?
True
Is 1546237843 a prime number?
False
Is 14493883609 prime?
False
Is 1658162573 composite?
True
Is 138834251 a prime number?
False
Is 3791316121 composite?
False
Is 1601261819 prime?
False
Is 27024261037 a composite number?
True
Is 11243678681 composite?
True
Is 1779792979 composite?
False
Is 566331289 prime?
False
Is 104249262269 prime?
False
Is 1294947985 a prime number?
False
Is 740631505 a composite number?
True
Is 2644699583 a composite number?
False
Is 69272026 composite?
True
Is 15669839953 a composite number?
False
Is 1450384679 composite?
True
Is 35519935861 composite?
False
Is 3901528199 a composite number?
False
Is 6431526357 a prime number?
False
Is 7832874983 composite?
True
Is 160537049 composite?
False
Is 269553733 prime?
True
Is 4528392503 composite?
True
Is 10003770529 prime?
True
Is 114805093 a prime number?
False
Is 86529378731 composite?
False
Is 995000969 a composite number?
False
Is 534374839 prime?
True
Is 11838256709 a prime number?
True
Is 8540765273 a prime number?
True
Is 305091547 prime?
True
Is 3720459607 a prime number?
True
Is 8115431 a composite number?
False
Is 6638617087 composite?
True
Is 2701600267 composite?
False
Is 1154985011 a prime number?
False
Is 182275999817 prime?
True
Is 4178334917 composite?
True
Is 571302737 a prime number?
True
Is 117791610137 prime?
False
Is 10622358853 prime?
False
Is 265567117 a composite number?
True
Is 21271160171 prime?
False
Is 109683527 a composite number?
True
Is 50306050967 prime?
False
Is 1381261649 a prime number?
True
Is 206266951 prime?
False
Is 3531897773 composite?
False
Is 303932621 a composite number?
True
Is 380586071 a composite number?
False
Is 134807062079 a composite number?
True
Is 503329889 prime?
True
Is 2911626943 prime?
False
Is 90429797431 composite?
True
Is 7160864767 prime?
False
Is 482803421 a prime number?
True
Is 8140898741 prime?
True
Is 6759866297 prime?
False
Is 580869689 a composite number?
False
Is 5376898607 a composite number?
True
Is 3397594663 composite?
False
Is 8643400571 a composite number?
True
Is 126913025693 composite?
False
Is 4678702139 a composite number?
True
Is 734251417 a prime number?
True
Is 104883536669 composite?
False
Is 1874419961 a prime number?
True
Is 29356167167 a composite number?
False
Is 257582855669 a composite number?
False
Is 1042134689 prime?
False
Is 8491115159 a prime number?
True
Is 10270962257 prime?
True
Is 184748540371 prime?
False
Is 537926021 a composite number?
False
Is 1079382127 prime?
False
Is 146304967 composite?
False
Is 158029604063 prime?
True
Is 423915677 a composite number?
True
Is 22920231667 a composite number?
True
Is 5155677697 a composite number?
True
Is 206097943 a composite number?
True
Is 170433121 a composite number?
False
Is 1190212207 a composite number?
False
Is 5553977683 composite?
True
Is 1128571217 a composite number?
True
Is 66364652591 a composite number?
True
Is 2042438729 prime?
True
Is 692592931 a prime number?
False
Is 8290917727 a prime number?
False
Is 550434451 a composite number?
True
Is 36998869171 prime?
False
Is 32797479669 prime?
False
Is 2861812973 prime?
False
Is 1790680037 prime?
True
Is 56573243 a prime number?
False
Is 4991222551 a composite number?
True
Is 1583348054 composite?
True
Is 1146751121 a composite number?
False
Is 2604941851 a composite number?
False
Is 52354425031 a prime number?
True
Is 1451566999 composite?
False
Is 201121901 a composite number?
False
Is 56096755387 prime?
True
Is 114883961 a prime number?
False
Is 3765413231 a prime number?
True
Is 8746493629 prime?
False
Is 102082894117 prime?
False
Is 28008094309 composite?
True
Is 73333031 composite?
True
Is 11638826053 composite?
False
Is 69522335647 prime?
True
Is 1705620649 prime?
True
Is 23715996679 prime?
True
Is 805991545 a prime number?
False
Is 73208608541 a composite number?
False
Is 71015971 prime?
False
Is 77666363471 composite?
False
Is 164187269 a prime number?
False
Is 303371543 a composite number?
True
Is 7714188437 a prime number?
True
Is 179960299 a composite number?
False
Is 78901181 prime?
True
Is 3954659794 prime?
False
Is 6347106241 composite?
True
Is 69826341887 a composite number?
False
Is 14308972187 a composite number?
False
Is 1218820051 a prime number?
False
Is 1349467907 a composite number?
True
Is 1259943697 a composite number?
False
Is 41915220013 prime?
True
Is 151811587217 a composite number?
True
Is 2027492809 a prime number?
True
Is 901436579 composite?
False
Is 27554796943 a composite number?
False
Is 128312802307 prime?
True
Is 86395703755 prime?
False
Is 51438930737 a composite number?
False
Is 7262214607 a prime number?
True
Is 157794229843 prime?
False
Is 48593657977 prime?
True
Is 6822112709 prime?
True
Is 8421964879 composite?
False
Is 1420492729 composite?
False
Is 5994450229 a prime number?
False
Is 1042883263 prime?
False
Is 456504593 composite?
False
Is 1544749021 prime?
True
Is 145592897 a prime number?
True
Is 60105870379 a prime number?
False
Is 14478549173 a composite number?
True
Is 185572474019 composite?
True
Is 18546679309 a prime number?
True
Is 2619260537 prime?
False
Is 12003742627 a prime number?
True
Is 20877192419 a prime number?
False
Is 86688277409 a prime number?
False
Is 58368263 a composite number?
True
Is 615713311 composite?
True
Is 3832682219 prime?
True
Is 361730917 prime?
False
Is 95335702463 prime?
False
Is 5062992671 a composite number?
True
Is 61393159 composite?
True
Is 38908442753 a prime number?
False
Is 67239536171 prime?
False
Is 4559755873 composite?
False
Is 30008987 a composite number?
True
Is 10068392311 a prime number?
False
Is 187464557591 prime?
True
Is 44046551239 prime?
True
Is 40756129339 a composite number?
True
Is 1401836803 a prime number?
False
Is 135805049 composi